 is j(q)?
5
Let s(k) = k**2 + k - 1. Let n(h) = -h**2 + 9*h + 6*h**2 + 28 - 34. Let z(g) = -n(g) + 4*s(g). Calculate z(-5).
2
Let g(t) be the third derivative of t**7/5040 - t**6/120 + t**5/5 + 20*t**2. Let x(n) be the third derivative of g(n). Determine x(7).
1
Let i be -34*((-4)/(-30))/((-40)/(-150)). Let h(u) = -u**2 - 15*u + 22. What is h(i)?
-12
Let b(c) = -c**2 + 3*c. Let j(n) = n**2 - 4*n + 1. Let p be (-1)/(-3)*(8 + -14). Let x = p + -3. Let z(f) = x*j(f) - 6*b(f). What is z(-4)?
3
Let i(o) = -63*o - 15. Let b(q) = 52*q + 15. Let v(t) = -6*b(t) - 5*i(t). Give v(3).
-6
Let s(j) be the second derivative of j**5/20 + j**4/2 - j**3/2 - 3*j**2/2 - 2*j + 31. What is s(-5)?
37
Let l(w) = 2*w - 10. Let q = -320 + 329. What is l(q)?
8
Let c = 4 - -2. Suppose 0*q = 2*q + c. Let n(s) be the third derivative of s**6/120 + s**5/15 + s**4/8 + s**3/6 + 2*s**2 - 176*s. Give n(q).
1
Suppose 9 = 2*c + 2*c + d, 4*d - 4 = 0. Let g(r) = -r**c + 1 + 269*r - 3 - 270*r. Calculate g(-2).
-4
Suppose 3*g = 14 + 13. Let t = g - 14. Let x(k) be the first derivative of k**3/3 + 3*k**2 - 3*k - 206. Give x(t).
-8
Let r = 14 + -5. Suppose -3*u + 3 = -r. Let z(g) = 0 - 6 - u*g + 2*g + g. Calculate z(-5).
-1
Let d(u) = 4*u**2 - 1. Let y(q) = -19*q**2 + 7*q + 4. Let x(o) = -5*d(o) - y(o). Determine x(-7).
1
Let r be 1*2*15/6. Let i(q) = 4*q**2 + 5*q - 1. Suppose -1 = 5*o - 2*d, -4*o - 2*d - 5 - 3 = 0. Let p(y) = y**2 + 1. Let m(h) = o*i(h) + r*p(h). Give m(4).
2
Let p be (1/3)/((-880)/(-48) + -18). Let i(v) = 12*v**3 - 4*v**2 - 5*v - 3. Let n(b) = -11*b**3 + 3*b**2 + 4*b + 2. Let r(w) = 3*i(w) + 4*n(w). Give r(p).
-8
Let a(p) = -p**3 - 4*p**2 - 4*p. Suppose 68 = -2*n - 12. Let v be (-1)/(-5) + 248/n. Let c be (v/(-4))/(4/(-8)). Give a(c).
3
Let b(a) be the third derivative of -a**6/120 - a**5/10 + 3*a**4/8 + a**3/2 + 78*a**2 - 3*a. Determine b(-8).
59
Let q(k) = -k**3 - 8*k**2 - k - 5. Let a be q(-8). Let s be (a/(-5))/(1/5). Let i(f) = f**3 + 3*f**2 + f + 3. Give i(s).
0
Suppose -3*d - o = -5*o - 22, -5*d - o = -6. Let y(t) = t**2 + 4 - 870*t + 865*t - d. Determine y(3).
-4
Let h = -1151 - -1146. Let o(t) = -t**3 - 5*t**2 - t - 4. Give o(h).
1
Let a(s) = s**2 - 8*s + 10. Let x be a(7). Let p(v) = -v**2 + 6*v - 7. Let i be p(x). Let k(b) = 6*b**i - 5 + 1 + 3 + 0. Calculate k(-1).
5
Suppose -2*v - 2*u = 2*u + 8, -4*u - 12 = 0. Let b(x) = 315 - 321 + 7*x + 0*x**v + x**2. Calculate b(-6).
-12
Suppose -4*b = 2*b - 12. Suppose 3*g + 2 = z + b*g, 0 = z - 3*g - 8. Let t be -2*4/(-8) - z. Let w(h) = h**2 - 2*h + 2. Give w(t).
2
Let b(w) be the third derivative of -w**4/24 + w**3/6 - 9*w**2. Let o(j) = j. Let r(p) = -b(p) + o(p). What is r(4)?
7
Let n(t) = 2*t - 11. Let z = -382 - -389. Give n(z).
3
Let o(h) = -h + 1. Let x(i) = 9*i - 6. Let b(z) = 5*o(z) + x(z). Let c(m) = m**3 + 47*m**2 - 96*m + 97. Let g be c(-49). Determine b(g).
-5
Let t(i) = -2*i + 4. Let f(g) be the first derivative of -3*g**2/2 - 27*g + 21. Let r be f(-10). What is t(r)?
-2
Let u = 4 + 2. Let g = 8 - u. Let w(t) = -2*t**3 - 12*t**2. Let f(c) = c**3 + 7*c**2. Let d(p) = 5*f(p) + 3*w(p). What is d(g)?
-12
Suppose 2*b = -10 - 0. Let o = b - -5. Let l(q) = 8*q**2 - 5 + 0 + 4 + o. Give l(-1).
7
Let r(c) = -5*c**3 + c**2 - c + 1. Let t be r(1). Let m = t + 7. Let v(b) be the third derivative of b**5/60 - b**4/8 + 2*b**3/3 + b**2 - 7. Determine v(m).
4
Let d be 66/18 - 3/(-9). Suppose -d*f = -3*s - 5*f + 7, -3*s - 5*f = -11. Let z(x) = -2*x - s*x + 3*x - 8. What is z(-6)?
-2
Let i(f) = f**3 + f + 168*f**2 + 2 - 179*f**2 + f. Determine i(11).
24
Let g(c) = c**2 - 5*c + 7. Let p(f) = 2*f**2 - 12*f + 15. Let y(u) = -9*g(u) + 4*p(u). Let b = -2 + -2. Determine y(b).
-7
Let d(v) be the second derivative of v**5/20 + v**4/4 - v**3 + v**2/2 + 10*v. Suppose -5*h + 4*h - 3*c - 20 = 0, -5 = c. Determine d(h).
-19
Let x(q) = 7*q - 8. Suppose 0*w = -w + j + 5, -j - 32 = -4*w. Let p(s) = -8 + 0 - s + w. Let v(n) = 6*p(n) + x(n). Give v(-3).
-5
Let d(v) = 5*v. Let k(o) = -5*o + 16. Let r(p) = -2*d(p) - k(p). Give r(-6).
14
Let o(z) = -31 + 12*z + 2 + 14*z**2 + 19 + z**3. Calculate o(-13).
3
Let k(m) = 11*m**3 - 43*m**2 - 92*m - 33. Let g(b) = 5*b**3 - 21*b**2 - 45*b - 16. Let t(l) = 9*g(l) - 4*k(l). Calculate t(19).
7
Let d(s) = 3*s - 2. Let k(h) = h. Let y(v) = -d(v) + 2*k(v). Suppose -4*m - 9 - 11 = 0. Calculate y(m).
7
Let c(r) = 13*r**2 + 3*r + 10. Let g(k) = 37*k**2 + 9*k + 28. Let b(z) = 17*c(z) - 6*g(z). Calculate b(3).
-16
Let i(k) = -6*k**3 - k**2 + k. Let s(p) = 72*p**3 + 6*p**2 - 7*p + 1. Let v(h) = -6*i(h) - s(h). Determine v(1).
-36
Let i(x) = -x**3 + 10*x**2 - 11. Let y be (25/2 - 3) + (-1)/(-2). Determine i(y).
-11
Let c(x) = -19*x**2 - 5*x + 2. Let r(i) = -3*i**2 - i + 1. Let h(k) = -c(k) + 6*r(k). Calculate h(-3).
16
Let k(f) = -2*f**2 - 6*f - 4. Let q(p) = -p**2 - 5*p - 5. Let v(o) = 2*k(o) - 3*q(o). Let w be (-4)/(-14) + -1 + (-80)/(-14). Give v(w).
-3
Let v = -32 + 45. Let a = -19 + v. Let n(b) = 2*b**2 - 2*b - 2. Let t(k) = -k**2 + k + 1. Let w(g) = a*n(g) - 13*t(g). Determine w(4).
11
Let b(z) = -14*z - 16*z**2 + 10*z + 4*z. Let g(t) = t**3 + 6*t**2 - 9*t - 9. Let q be g(-7). Suppose s - q*d + 14 = 0, -2*d = -3*s + 2*s - 5. What is b(s)?
-16
Let k(u) be the first derivative of u**4/4 - 4*u**3/3 + 3*u**2 - 2*u - 273. Determine k(3).
7
Let h(b) = 7*b**2 + b. Let i(o) = 7*o**2 + o. Let t(l) = 6*h(l) - 5*i(l). Let v(p) = -4*p + 1. Let q be v(1). Let f = q - -2. What is t(f)?
6
Let i(z) be the first derivative of -z**5/60 - z**4/8 + 2*z**3/3 - 13*z**2/2 + 15. Let v(a) be the second derivative of i(a). Give v(-6).
-14
Let v(t) = 9*t - 5. Let q be -4 + -7*8*3/(-21). What is v(q)?
31
Suppose -2*a + 66 = a. Suppose l + a = -l. Let r = 11 + l. Let v(k) = k**2 - k + 10. Determine v(r).
10
Suppose -3*g - 2*g + 4*u - 17 = 0, 0 = -g + u - 3. Let r(p) = -5*p - 1. Calculate r(g).
24
Let z(x) be the first derivative of -x**3/6 + 3*x**2 - 14*x - 16. Let c(g) be the first derivative of z(g). What is c(-5)?
11
Let k be 3/((-24)/38) - (-31)/(-124). Let a(d) = -d**2 - 3*d + 4. What is a(k)?
-6
Suppose 3*n - g = 14, -2*n - 2*g - 3 = -7. Let b(q) = -3*q + 5. Give b(n).
-7
Let l(o) = -6 + 9376*o - 15 - 8 - 9377*o. Calculate l(-20).
-9
Let l(x) = -10 - x + 2 - 1. Let q = -119 + 113. Determine l(q).
-3
Let j(u) = -2*u**2 + 25*u + 11. Let m be j(13). Let o(h) = 2*h - 3. Let n be o(3). Let k be 0 + (0/m - n). Let p(r) = 2*r + 4. Calculate p(k).
-2
Suppose -5*p - 2*l = -2, -p - 5*l + 3 = -2. Suppose 4*w + 24 = 2*z, w - 11 = 2*z + 4*w. Let u(b) = 0*b**z + 0*b + b + 4 - b**3 - b**2. What is u(p)?
4
Suppose 2*f + 2 - 14 = 0. Let b(g) = -g**2 - 3*g. Let v(n) = n. Let q(u) = f*v(u) + 3*b(u). Let x be -1*2 - (9 + -9). Give q(x).
-6
Suppose 0 = 6*a - 56 + 8. Suppose 5*f + 25 = 5*r, -3*r = -4*f - 7 - a. Let s(o) = -o**2 + 3*o + 5. Give s(r).
-5
Suppose 123 = -18*j + 87. Let o(i) = -i**2 - 4*i. Give o(j).
4
Suppose -8*h - 34 - 14 = 0. Let b(q) = 4*q + 9. Calculate b(h).
-15
Let d(u) = u. Let q be 9*3*(-6)/54. Calculate d(q).
-3
Let z(s) = -3*s - 11. Let t(l) = l + 4. Let u(f) = 11*t(f) + 4*z(f). Suppose -4 = -5*x - 4*g - 7, -g = 3*x + 6. Determine u(x).
3
Let v(j) = j**3 - 3*j**2 - 3*j + 5. Let n = -34 - -52. Let y be 6/n + 44/12. What is v(y)?
9
Let a = -44 - -55. Let d(r) = -a + 1 + 10 + 14*r. Calculate d(1).
14
Let r be (4 + 33/(-9))*-6. Let z(a) = 3*a + 8. Let s(d) be the first derivative of 5*d**2/2 + 15*d + 13. Let i(b) = -6*s(b) + 11*z(b). Determine i(r).
-8
Let a(u) be the third derivative of 0*u**5 - 2/3*u**3 + 0*u**4 + 0*u + 0 + 17*u**2 + 1/120*u**6. What is a(0)?
-4
Let r(s) = -5*s**2 + 8*s - 13. Let o(k) = k**2 - 2*k + 1. Let l(t) = -6*o(t) - r(t). Calculate l(6).
-5
Let q = -324 - -332. Let s(d) = d**2 - 9*d - 4. Give s(q).
-12
Suppose 0 = x - l + 1, 4*l - 17 - 5 = -5*x. Suppose -2*i + 0*v + 6 = x*v, 4 = 3*i - 2*v. Let g(w) = -4*w**2 + 0*w**2 + 4 - w**3 + w**i - w**2. Give g(-4).
4
Let k(j) = j**2 + 13*j - 14. Let r(t) = -t**2 - 11*t + 11. Let p(w) = -3*k(w) - 4*r(w). Calculate p(-6).
4
Suppose 2 = 4*q - 6. Let i(o) = q*o**2 + 2*o + 4 - o**2 + o**2 - o**3 + 0. Calculate i(3).
1
Suppose -3*n - 70 = 5*h, -h + 2*h = -5*n - 36. Let w be (-8)/44 + (-2)/h. Suppose y + 4*y - 25 = w. Let p(r) = r**2 - 7*r + 4. What is p(y)?
-6
Let v